{"id":427,"date":"2009-10-18T14:36:14","date_gmt":"2009-10-18T12:36:14","guid":{"rendered":"http:\/\/blog.namesztovszkizsolt.com\/?page_id=427"},"modified":"2009-11-01T17:10:41","modified_gmt":"2009-11-01T16:10:41","slug":"letoltese","status":"publish","type":"page","link":"http:\/\/blog.namesztovszkizsolt.com\/?page_id=427","title":{"rendered":"Let\u00f6lt\u00e9sek"},"content":{"rendered":"<p><strong>Dokumentumok<\/strong><\/p>\n<p><strong>Szerb Oktat\u00e1s\u00fcgyi Miniszt\u00e9rium (szerb nyelven)<\/strong><\/p>\n<p><a href=\"http:\/\/blog.namesztovszkizsolt.com\/wp-content\/uploads\/2009\/10\/zakon_o_osnovama_sistema_obrazovanja_i_vaspitanja.pdf\" target=\"_blank\">Az oktat\u00e1s \u00e9s a nevel\u00e9s alapjair\u00f3l sz\u00f3l\u00f3 t\u00f6rv\u00e9ny<\/a><\/p>\n<p><a href=\"http:\/\/blog.namesztovszkizsolt.com\/wp-content\/uploads\/2009\/10\/1_2_3_4_razred.pdf\" target=\"_blank\">Az 1., 2., 3. \u00e9s 4. oszt\u00e1ly tantervei<\/a><\/p>\n<p><a href=\"http:\/\/blog.namesztovszkizsolt.com\/wp-content\/uploads\/2009\/10\/5_razred.pdf\" target=\"_blank\">5. oszt\u00e1ly tanterve<\/a><\/p>\n<p><a href=\"http:\/\/blog.namesztovszkizsolt.com\/wp-content\/uploads\/2009\/10\/6_razred.pdf\" target=\"_blank\">6. oszt\u00e1ly tanterve<\/a><\/p>\n<p><a href=\"http:\/\/blog.namesztovszkizsolt.com\/wp-content\/uploads\/2009\/10\/7_razred.pdf\" target=\"_blank\">7. oszt\u00e1ly tanterve<\/a><\/p>\n<p><a href=\"http:\/\/blog.namesztovszkizsolt.com\/wp-content\/uploads\/2009\/10\/zakon_o_visokomobrazovanju.pdf\" target=\"_blank\">Fels\u0151oktat\u00e1si t\u00f6rv\u00e9ny<\/a><\/p>\n<p><strong>Szerb Tudom\u00e1ny\u00fcgyi \u00e9s Technol\u00f3giai Miniszt\u00e9rium (szerb nyelven)<\/strong><\/p>\n<p>J\u00f3v\u00e1hagyott foly\u00f3iratok a 2009-es \u00e9vre<\/p>\n<p><a href=\"http:\/\/blog.namesztovszkizsolt.com\/wp-content\/uploads\/2009\/10\/lista_casopisa_biologija.pdf\" target=\"_blank\">Biol\u00f3gia<\/a><\/p>\n<p><a href=\"http:\/\/blog.namesztovszkizsolt.com\/wp-content\/uploads\/2009\/10\/lista_casopsia_ind_softver_informatika.pdf\" target=\"_blank\">Ipari szoftverek \u00e9s informatika<\/a><\/p>\n<p><a href=\"http:\/\/blog.namesztovszkizsolt.com\/wp-content\/uploads\/2009\/10\/lista_casopisa_matematika_mehanika.pdf\" target=\"_blank\">Matematika \u00e9s mechanika<\/a><\/p>\n<p><a href=\"http:\/\/blog.namesztovszkizsolt.com\/wp-content\/uploads\/2009\/10\/lista_casopisa_jezik-knjizevnost.pdf\">Nyelv \u00e9s irodalom<\/a><\/p>\n<p><a href=\"http:\/\/blog.namesztovszkizsolt.com\/wp-content\/uploads\/2009\/10\/lista_casopisa_drustvene_nauke.pdf\">T\u00e1rsadalomtudom\u00e1nyok<\/a><\/p>\n<p><strong>Magyar Tannyelv\u0171 Tan\u00edt\u00f3k\u00e9pz\u0151 Kar (szerb nyelven)<\/strong><\/p>\n<p><a href=\"http:\/\/blog.namesztovszkizsolt.com\/wp-content\/uploads\/2009\/10\/akt_o_organizacij_i_radu.pdf\" target=\"_blank\">A munk\u00e1r\u00f3l \u00e9s a szervezeti fel\u00e9p\u00edt\u00e9sr\u0151l sz\u00f3l\u00f3 \u00fcgyirat<\/a><\/p>\n<p><strong>Szoftverek<\/strong><\/p>\n<p>Hasznos szoftver a flash mem\u00f3ri\u00e1n terjed\u0151 v\u00edrusok megakad\u00e1lyoz\u00e1s\u00e1ra<\/p>\n<p><a href=\"http:\/\/blog.namesztovszkizsolt.com\/wp-content\/uploads\/2009\/10\/USBVaccine.exe\" target=\"_blank\">USB Vaccine<\/a><\/p>\n<div id=\"facebook_like\"><iframe src=\"http:\/\/www.facebook.com\/plugins\/like.php?href=http%3A%2F%2Fblog.namesztovszkizsolt.com%2F%3Fpage_id%3D427&amp;layout=standard&amp;show_faces=true&amp;width=500&amp;action=like&amp;font=segoe+ui&amp;colorscheme=light&amp;height=80\" scrolling=\"no\" frameborder=\"0\" style=\"border:none; overflow:hidden; width:500px; height:80px;\" allowTransparency=\"true\"><\/iframe><\/div>","protected":false},"excerpt":{"rendered":"<p>Dokumentumok Szerb Oktat\u00e1s\u00fcgyi Miniszt\u00e9rium (szerb nyelven) Az oktat\u00e1s \u00e9s a nevel\u00e9s alapjair\u00f3l sz\u00f3l\u00f3 t\u00f6rv\u00e9ny Az 1., 2., 3. \u00e9s 4. oszt\u00e1ly tantervei 5. oszt\u00e1ly tanterve 6. oszt\u00e1ly tanterve 7. oszt\u00e1ly tanterve Fels\u0151oktat\u00e1si t\u00f6rv\u00e9ny Szerb Tudom\u00e1ny\u00fcgyi \u00e9s Technol\u00f3giai Miniszt\u00e9rium (szerb nyelven) &hellip; <a href=\"http:\/\/blog.namesztovszkizsolt.com\/?page_id=427\">Continue reading <span class=\"meta-nav\">&rarr;<\/span><\/a><\/p>\n","protected":false},"author":1,"featured_media":0,"parent":0,"menu_order":6,"comment_status":"open","ping_status":"open","template":"","meta":[],"_links":{"self":[{"href":"http:\/\/blog.namesztovszkizsolt.com\/index.php?rest_route=\/wp\/v2\/pages\/427"}],"collection":[{"href":"http:\/\/blog.namesztovszkizsolt.com\/index.php?rest_route=\/wp\/v2\/pages"}],"about":[{"href":"http:\/\/blog.namesztovszkizsolt.com\/index.php?rest_route=\/wp\/v2\/types\/page"}],"author":[{"embeddable":true,"href":"http:\/\/blog.namesztovszkizsolt.com\/index.php?rest_route=\/wp\/v2\/users\/1"}],"replies":[{"embeddable":true,"href":"http:\/\/blog.namesztovszkizsolt.com\/index.php?rest_route=%2Fwp%2Fv2%2Fcomments&post=427"}],"version-history":[{"count":8,"href":"http:\/\/blog.namesztovszkizsolt.com\/index.php?rest_route=\/wp\/v2\/pages\/427\/revisions"}],"predecessor-version":[{"id":598,"href":"http:\/\/blog.namesztovszkizsolt.com\/index.php?rest_route=\/wp\/v2\/pages\/427\/revisions\/598"}],"wp:attachment":[{"href":"http:\/\/blog.namesztovszkizsolt.com\/index.php?rest_route=%2Fwp%2Fv2%2Fmedia&parent=427"}],"curies":[{"name":"wp","href":"https:\/\/api.w.org\/{rel}","templated":true}]}}