{"id":21,"date":"2009-10-02T21:59:25","date_gmt":"2009-10-02T19:59:25","guid":{"rendered":"http:\/\/blog.namesztovszkizsolt.com\/?page_id=21"},"modified":"2009-10-22T17:01:52","modified_gmt":"2009-10-22T15:01:52","slug":"eloadasaim","status":"publish","type":"page","link":"http:\/\/blog.namesztovszkizsolt.com\/?page_id=21","title":{"rendered":"Bibliogr\u00e1fia"},"content":{"rendered":"<p><strong><a href=\"http:\/\/blog.namesztovszkizsolt.com\/?p=486\" target=\"_self\">Publik\u00e1ci\u00f3im<\/a><\/strong><\/p>\n<p><a href=\"http:\/\/blog.namesztovszkizsolt.com\/?p=418\" target=\"_self\"><strong>El\u0151ad\u00e1saim<\/strong><\/a><\/p>\n<p>Egy\u00e9b<\/p>\n<div id=\"facebook_like\"><iframe src=\"http:\/\/www.facebook.com\/plugins\/like.php?href=http%3A%2F%2Fblog.namesztovszkizsolt.com%2F%3Fpage_id%3D21&amp;layout=standard&amp;show_faces=true&amp;width=500&amp;action=like&amp;font=segoe+ui&amp;colorscheme=light&amp;height=80\" scrolling=\"no\" frameborder=\"0\" style=\"border:none; overflow:hidden; width:500px; height:80px;\" allowTransparency=\"true\"><\/iframe><\/div>","protected":false},"excerpt":{"rendered":"<p>Publik\u00e1ci\u00f3im El\u0151ad\u00e1saim Egy\u00e9b<\/p>\n","protected":false},"author":1,"featured_media":0,"parent":0,"menu_order":5,"comment_status":"open","ping_status":"open","template":"","meta":[],"_links":{"self":[{"href":"http:\/\/blog.namesztovszkizsolt.com\/index.php?rest_route=\/wp\/v2\/pages\/21"}],"collection":[{"href":"http:\/\/blog.namesztovszkizsolt.com\/index.php?rest_route=\/wp\/v2\/pages"}],"about":[{"href":"http:\/\/blog.namesztovszkizsolt.com\/index.php?rest_route=\/wp\/v2\/types\/page"}],"author":[{"embeddable":true,"href":"http:\/\/blog.namesztovszkizsolt.com\/index.php?rest_route=\/wp\/v2\/users\/1"}],"replies":[{"embeddable":true,"href":"http:\/\/blog.namesztovszkizsolt.com\/index.php?rest_route=%2Fwp%2Fv2%2Fcomments&post=21"}],"version-history":[{"count":47,"href":"http:\/\/blog.namesztovszkizsolt.com\/index.php?rest_route=\/wp\/v2\/pages\/21\/revisions"}],"predecessor-version":[{"id":490,"href":"http:\/\/blog.namesztovszkizsolt.com\/index.php?rest_route=\/wp\/v2\/pages\/21\/revisions\/490"}],"wp:attachment":[{"href":"http:\/\/blog.namesztovszkizsolt.com\/index.php?rest_route=%2Fwp%2Fv2%2Fmedia&parent=21"}],"curies":[{"name":"wp","href":"https:\/\/api.w.org\/{rel}","templated":true}]}}